{"id":1437,"date":"2025-01-22T14:37:47","date_gmt":"2025-01-22T14:37:47","guid":{"rendered":"https:\/\/deiferreyra.com\/?page_id=1437"},"modified":"2025-01-25T23:53:08","modified_gmt":"2025-01-25T23:53:08","slug":"pre-residencias","status":"publish","type":"page","link":"https:\/\/deiferreyra.com\/index.php\/pre-residencias\/","title":{"rendered":"Pre-residencias"},"content":{"rendered":"\t\t<div data-elementor-type=\"wp-page\" data-elementor-id=\"1437\" class=\"elementor elementor-1437\" data-elementor-post-type=\"page\">\n\t\t\t\t\t\t<section class=\"elementor-section elementor-top-section elementor-element elementor-element-0be7892 elementor-section-boxed elementor-section-height-default elementor-section-height-default\" data-id=\"0be7892\" data-element_type=\"section\" data-e-type=\"section\">\n\t\t\t\t\t\t<div class=\"elementor-container elementor-column-gap-default\">\n\t\t\t\t\t<div class=\"elementor-column elementor-col-100 elementor-top-column elementor-element elementor-element-229d78e\" data-id=\"229d78e\" data-element_type=\"column\" data-e-type=\"column\">\n\t\t\t<div class=\"elementor-widget-wrap elementor-element-populated\">\n\t\t\t\t\t\t<div class=\"elementor-element elementor-element-15c9be1 elementor-view-default elementor-position-block-start elementor-mobile-position-block-start elementor-widget elementor-widget-icon-box\" data-id=\"15c9be1\" data-element_type=\"widget\" data-e-type=\"widget\" data-widget_type=\"icon-box.default\">\n\t\t\t\t<div class=\"elementor-widget-container\">\n\t\t\t\t\t\t\t<div class=\"elementor-icon-box-wrapper\">\n\n\t\t\t\t\t\t<div class=\"elementor-icon-box-icon\">\n\t\t\t\t<span  class=\"elementor-icon\">\n\t\t\t\t<i aria-hidden=\"true\" class=\"fas fa-book-reader\"><\/i>\t\t\t\t<\/span>\n\t\t\t<\/div>\n\t\t\t\n\t\t\t\t\t\t<div class=\"elementor-icon-box-content\">\n\n\t\t\t\t\t\t\t\t\t<h3 class=\"elementor-icon-box-title\">\n\t\t\t\t\t\t<span  >\n\t\t\t\t\t\t\tPre-residencias\t\t\t\t\t\t<\/span>\n\t\t\t\t\t<\/h3>\n\t\t\t\t\n\t\t\t\t\n\t\t\t<\/div>\n\t\t\t\n\t\t<\/div>\n\t\t\t\t\t\t<\/div>\n\t\t\t\t<\/div>\n\t\t\t\t\t<\/div>\n\t\t<\/div>\n\t\t\t\t\t<\/div>\n\t\t<\/section>\n\t\t\t\t<section class=\"elementor-section elementor-top-section elementor-element elementor-element-2402abb elementor-section-boxed elementor-section-height-default elementor-section-height-default\" data-id=\"2402abb\" data-element_type=\"section\" data-e-type=\"section\">\n\t\t\t\t\t\t<div class=\"elementor-container elementor-column-gap-default\">\n\t\t\t\t\t<div class=\"elementor-column elementor-col-100 elementor-top-column elementor-element elementor-element-84e3701\" data-id=\"84e3701\" data-element_type=\"column\" data-e-type=\"column\">\n\t\t\t<div class=\"elementor-widget-wrap elementor-element-populated\">\n\t\t\t\t\t\t<div class=\"elementor-element elementor-element-79b3a96 elementor-widget elementor-widget-text-editor\" data-id=\"79b3a96\" data-element_type=\"widget\" data-e-type=\"widget\" data-widget_type=\"text-editor.default\">\n\t\t\t\t<div class=\"elementor-widget-container\">\n\t\t\t\t\t\t\t\t\t<h6>Desde 2024, el Ministerio de Salud de la Provincia de Buenos Aires implement\u00f3 las pre-residencias, una modalidad formativa dirigida a m\u00e9dicos con menos de dos a\u00f1os de graduaci\u00f3n, incluso aquellos que a\u00fan tienen el t\u00edtulo en tr\u00e1mite.&nbsp;<\/h6>\n<h6>En este programa, los pre-residentes cumplen con una carga horaria limitada y reciben un salario equivalente al 50% del de un m\u00e9dico residente de primer a\u00f1o. Esta iniciativa permite a los profesionales explorar una especialidad de su inter\u00e9s y evaluar si cumple con sus expectativas. Adem\u00e1s, quienes completen la pre-residencia tienen la posibilidad de adjudicar directamente un cupo en la residencia de la misma sede, siempre que as\u00ed lo deseen.&nbsp;<\/h6>\n<h6>La duraci\u00f3n de la pre-residencia es de seis meses.&nbsp;<\/h6>\n<h6>Las especialidades disponibles en nuestro sistema de salud para esta modalidad son: Pediatr\u00eda y Terapia Intensiva de Adultos.&nbsp;<\/h6>\n<h6>Para m\u00e1s informaci\u00f3n, haga clic <a href=\"https:\/\/www.ms.gba.gov.ar\/sitios\/residencias\/pre-residencias\/\" target=\"_blank\" rel=\"noopener\">aqu\u00ed<\/a>.<\/h6>\t\t\t\t\t\t\t\t<\/div>\n\t\t\t\t<\/div>\n\t\t\t\t\t<\/div>\n\t\t<\/div>\n\t\t\t\t\t<\/div>\n\t\t<\/section>\n\t\t\t\t<\/div>\n\t\t","protected":false},"excerpt":{"rendered":"<p>Pre-residencias Desde 2024, el Ministerio de Salud de la Provincia de Buenos Aires implement\u00f3 las pre-residencias, una modalidad formativa dirigida<\/p>\n","protected":false},"author":1,"featured_media":0,"parent":0,"menu_order":0,"comment_status":"closed","ping_status":"closed","template":"","meta":{"footnotes":""},"class_list":["post-1437","page","type-page","status-publish","hentry"],"_links":{"self":[{"href":"https:\/\/deiferreyra.com\/index.php\/wp-json\/wp\/v2\/pages\/1437","targetHints":{"allow":["GET"]}}],"collection":[{"href":"https:\/\/deiferreyra.com\/index.php\/wp-json\/wp\/v2\/pages"}],"about":[{"href":"https:\/\/deiferreyra.com\/index.php\/wp-json\/wp\/v2\/types\/page"}],"author":[{"embeddable":true,"href":"https:\/\/deiferreyra.com\/index.php\/wp-json\/wp\/v2\/users\/1"}],"replies":[{"embeddable":true,"href":"https:\/\/deiferreyra.com\/index.php\/wp-json\/wp\/v2\/comments?post=1437"}],"version-history":[{"count":31,"href":"https:\/\/deiferreyra.com\/index.php\/wp-json\/wp\/v2\/pages\/1437\/revisions"}],"predecessor-version":[{"id":1647,"href":"https:\/\/deiferreyra.com\/index.php\/wp-json\/wp\/v2\/pages\/1437\/revisions\/1647"}],"wp:attachment":[{"href":"https:\/\/deiferreyra.com\/index.php\/wp-json\/wp\/v2\/media?parent=1437"}],"curies":[{"name":"wp","href":"https:\/\/api.w.org\/{rel}","templated":true}]}}

<div data-elementor-type="wp-page" data-elementor-id="1437" class="elementor elementor-1437" data-elementor-post-type="page">
						<section class="elementor-section elementor-top-section elementor-element elementor-element-0be7892 elementor-section-boxed elementor-section-height-default elementor-section-height-default" data-id="0be7892" data-element_type="section" data-e-type="section">
						<div class="elementor-container elementor-column-gap-default">
					<div class="elementor-column elementor-col-100 elementor-top-column elementor-element elementor-element-229d78e" data-id="229d78e" data-element_type="column" data-e-type="column">
			<div class="elementor-widget-wrap elementor-element-populated">
						<div class="elementor-element elementor-element-15c9be1 elementor-view-default elementor-position-block-start elementor-mobile-position-block-start elementor-widget elementor-widget-icon-box" data-id="15c9be1" data-element_type="widget" data-e-type="widget" data-widget_type="icon-box.default">
				<div class="elementor-widget-container">
							<div class="elementor-icon-box-wrapper">

						<div class="elementor-icon-box-icon">
				<span  class="elementor-icon">
				<i aria-hidden="true" class="fas fa-book-reader"></i>				</span>
			</div>
			
						<div class="elementor-icon-box-content">

									<h3 class="elementor-icon-box-title">
						<span  >
							Pre-residencias						</span>
					</h3>
				
				
			</div>
			
		</div>
						</div>
				</div>
					</div>
		</div>
					</div>
		</section>
				<section class="elementor-section elementor-top-section elementor-element elementor-element-2402abb elementor-section-boxed elementor-section-height-default elementor-section-height-default" data-id="2402abb" data-element_type="section" data-e-type="section">
						<div class="elementor-container elementor-column-gap-default">
					<div class="elementor-column elementor-col-100 elementor-top-column elementor-element elementor-element-84e3701" data-id="84e3701" data-element_type="column" data-e-type="column">
			<div class="elementor-widget-wrap elementor-element-populated">
						<div class="elementor-element elementor-element-79b3a96 elementor-widget elementor-widget-text-editor" data-id="79b3a96" data-element_type="widget" data-e-type="widget" data-widget_type="text-editor.default">
				<div class="elementor-widget-container">
									<h6>Desde 2024, el Ministerio de Salud de la Provincia de Buenos Aires implementó las pre-residencias, una modalidad formativa dirigida a médicos con menos de dos años de graduación, incluso aquellos que aún tienen el título en trámite.&nbsp;</h6>
<h6>En este programa, los pre-residentes cumplen con una carga horaria limitada y reciben un salario equivalente al 50% del de un médico residente de primer año. Esta iniciativa permite a los profesionales explorar una especialidad de su interés y evaluar si cumple con sus expectativas. Además, quienes completen la pre-residencia tienen la posibilidad de adjudicar directamente un cupo en la residencia de la misma sede, siempre que así lo deseen.&nbsp;</h6>
<h6>La duración de la pre-residencia es de seis meses.&nbsp;</h6>
<h6>Las especialidades disponibles en nuestro sistema de salud para esta modalidad son: Pediatría y Terapia Intensiva de Adultos.&nbsp;</h6>
<h6>Para más información, haga clic <a href="https://www.ms.gba.gov.ar/sitios/residencias/pre-residencias/" target="_blank" rel="noopener">aquí</a>.</h6>								</div>
				</div>
					</div>
		</div>
					</div>
		</section>
				</div>

<p>Pre-residencias Desde 2024, el Ministerio de Salud de la Provincia de Buenos Aires implementó las pre-residencias, una modalidad formativa dirigida</p>
